.
17
What is the remainder when 286 is divided by 79?
49
What is the remainder when 1334 is divided by 79?
70
What is the remainder when 44630 is divided by 129?
125
What is the remainder when 242 is divided by 35?
32
Calculate the remainder when 41 is divided by 28.
13
Calculate the remainder when 5382 is divided by 21.
6
Calculate the remainder when 2408 is divided by 11.
10
Calculate the remainder when 11644 is divided by 91.
87
What is the remainder when 52 is divided by 20?
12
Calculate the remainder when 39 is divided by 11.
6
What is the remainder when 5854 is divided by 61?
59
What is the remainder when 3495 is divided by 135?
120
Calculate the remainder when 349 is divided by 28.
13
Calculate the remainder when 454 is divided by 77.
69
Calculate the remainder when 173 is divided by 10.
3
Calculate the remainder when 325 is divided by 66.
61
What is the remainder when 40 is divided by 2?
0
What is the remainder when 354 is divided by 4?
2
What is the remainder when 541 is divided by 147?
100
Calculate the remainder when 40 is divided by 14.
12
Calculate the remainder when 35 is divided by 3.
2
What is the remainder when 967 is divided by 11?
10
What is the remainder when 42 is divided by 38?
4
Calculate the remainder when 1690 is divided by 189.
178
What is the remainder when 162 is divided by 35?
22
What is the remainder when 931 is divided by 36?
31
Calculate the remainder when 5637 is divided by 115.
2
Calculate the remainder when 492 is divided by 124.
120
What is the remainder when 215 is divided by 80?
55
Calculate the remainder when 415 is divided by 60.
55
Calculate the remainder when 55 is divided by 27.
1
Calculate the remainder when 195 is divided by 109.
86
What is the remainder when 374 is divided by 18?
14
Calculate the remainder when 349 is divided by 88.
85
What is the remainder when 47 is divided by 7?
5
What is the remainder when 164 is divided by 17?
11
Calculate the remainder when 2240 is divided by 1108.
24
What is the remainder when 194 is divided by 68?
58
What is the remainder when 72 is divided by 37?
35
Calculate the remainder when 150 is divided by 11.
7
What is the remainder when 539 is divided by 15?
14
Calculate the remainder when 104 is divided by 15.
14
What is the remainder when 223 is divided by 26?
15
What is the remainder when 757 is divided by 19?
16
Calculate the remainder when 191 is divided by 49.
44
What is the remainder when 754 is divided by 458?
296
Calculate the remainder when 1798 is divided by 149.
10
What is the remainder when 8710 is divided by 132?
130
Calculate the remainder when 248 is divided by 36.
32
What is the remainder when 4317 is divided by 8?
5
What is the remainder when 707 is divided by 107?
65
What is the remainder when 419 is divided by 207?
5
Calculate the remainder when 79 is divided by 2.
1
What is the remainder when 860 is divided by 18?
14
What is the remainder when 12 is divided by 12?
0
Calculate the remainder when 86 is divided by 15.
11
What is the remainder when 35175 is divided by 66?
63
What is the remainder when 5057 is divided by 23?
20
Calculate the remainder when 825 is divided by 157.
40
Calculate the remainder when 228 is divided by 47.
40
What is the remainder when 487 is divided by 8?
7
Calculate the remainder when 151 is divided by 40.
31
What is the remainder when 2444 is divided by 16?
12
Calculate the remainder when 149 is divided by 127.
22
What is the remainder when 627 is divided by 145?
47
Calculate the remainder when 21621 is divided by 51.
48
What is the remainder when 904 is divided by 40?
24
What is the remainder when 1783 is divided by 580?
43
What is the remainder when 944 is divided by 87?
74
Calculate the remainder when 165 is divided by 56.
53
What is the remainder when 361 is divided by 95?
76
What is the remainder when 255 is divided by 59?
19
Calculate the remainder when 272 is divided by 120.
32
What is the remainder when 104 is divided by 14?
6
Calculate the remainder when 88 is divided by 21.
4
What is the remainder when 30 is divided by 11?
8
What is the remainder when 669 is divided by 173?
150
What is the remainder when 22 is divided by 13?
9
Calculate the remainder when 149 is divided by 38.
35
Calculate the remainder when 19 is divided by 1.
0
What is the remainder when 851 is divided by 78?
71
Calculate the remainder when 795 is divided by 22.
3
What is the remainder when 1373 is divided by 4?
1
Calculate the remainder when 258 is divided by 31.
10
Calculate the remainder when 180 is divided by 83.
14
Calculate the remainder when 277 is divided by 48.
37
Calculate the remainder when 637 is divided by 313.
11
What is the remainder when 45 is divided by 38?
7
Calculate the remainder when 80 is divided by 46.
34
What is the remainder when 2351 is divided by 24?
23
What is the remainder when 25 is divided by 11?
3
What is the remainder when 196 is divided by 9?
7
What is the remainder when 718 is divided by 40?
38
Calculate the remainder when 733 is divided by 13.
5
What is the remainder when 88 is divided by 15?
13
Calculate the remainder when 422 is divided by 87.
74
Calculate the remainder when 1018 is divided by 68.
66
What is the remainder when 62 is divided by 33?
29
What is the remainder when 149 is divided by 27?
14
Calculate the remainder when 12 is divided by 3.
0
Calculate the remainder when 7510 is divided by 203.
202
What is the remainder when 813 is divided by 102?
99
Calculate the remainder when 247 is divided by 36.
31
Calculate the remainder when 22548 is divided by 82.
80
Calculate the remainder when 1910 is divided by 39.
38
Calculate the remainder when 2918 is divided by 1438.
42
What is the remainder when 656 is divided by 73?
72
What is the remainder when 3472 is divided by 6?
4
What is the remainder when 384 is divided by 15?
9
What is the remainder when 96 is divided by 55?
41
What is the remainder when 109 is divided by 11?
10
Calculate the remainder when 316 is divided by 39.
4
What is the remainder when 2962 is divided by 38?
36
Calculate the remainder when 65 is divided by 37.
28
Calculate the remainder when 90 is divided by 16.
10
What is the remainder when 53 is divided by 16?
5
Calculate the remainder when 29378 is divided by 65.
63
What is the remainder when 3071 is divided by 32?
31
What is the remainder when 464 is divided by 236?
228
Calculate the remainder when 76 is divided by 25.
1
Calculate the remainder when 154 is divided by 153.
1
What is the remainder when 220 is divided by 127?
93
Calculate the remainder when 299 is divided by 27.
2
What is the remainder when 145 is divided by 132?
13
Calculate the remainder when 172 is divided by 25.
22
Calculate the remainder when 516 is divided by 47.
46
What is the remainder when 26350 is divided by 183?
181
Calculate the remainder when 3884 is divided by 134.
132
What is the remainder when 75 is divided by 45?
30
Calculate the remainder when 421 is divided by 147.
127
What is the remainder when 9946 is divided by 36?
10
What is the remainder when 106 is divided by 25?
6
Calculate the remainder when 32 is divided by 7.
4
What is the remainder when 654 is divided by 73?
70
What is the remainder when 628 is divided by 206?
10
Calculate the remainder when 85 is divided by 74.
11
Calculate the remainder when 250 is divided by 3.
1
Calculate the remainder when 262 is divided by 132.
130
Calculate the remainder when 1100 is divided by 65.
60
What is the remainder when 100 is divided by 15?
10
Calculate the remainder when 216 is divided by 22.
18
Calculate the remainder when 846 is divided by 299.
248
Calculate the remainder when 466 is divided by 34.
24
What is the remainder when 44 is divided by 3?
2
Calculate the remainder when 1318 is divided by 1314.
4
What is the remainder when 346 is divided by 70?
66
Calculate the remainder when 543 is divided by 26.
23
What is the remainder when 85 is divided by 72?
13
Calculate the remainder when 437 is divided by 47.
14
Calculate the remainder when 112 is divided by 19.
17
What is the remainder when 63 is divided by 30?
3
Calculate the remainder when 123 is divided by 31.
30
Calculate the remainder when 694 is divided by 139.
138
What is the remainder when 2201 is divided by 438?
11
Calculate the remainde